at is (-7 - (-3 - 6)) + -1 + 2 + -1?
2
25 + (-15 - 0) - ((-3 - -5) + -31)
39
Evaluate 37 + -50 + 14 + (-5 - -5).
1
Calculate (1109 - 1110) + (0 - (1 - -5)).
-7
Evaluate -4 - (4 + 9 + -9) - -9.
1
What is the value of (6 - (9 + -4)) + 2?
3
What is the value of 390 + -392 + 1 + 1?
0
What is the value of 5 - (-18 - (-11 - 3)) - -12?
21
20 + (1 + 2 + -2 - (103 - 100))
18
Calculate -8 - (10 + -22) - (-3 + 20).
-13
What is -10 + -3 - -27 - (-24 - -66)?
-28
What is the value of -4 - (-2 + (-4 - -2)) - (-30 - -5)?
25
Evaluate 1 + 1 - -12 - (48 - (37 - -6)).
9
What is the value of (28 - -10) + -51 + (-10 - 1)?
-24
Evaluate -32 - (30 - 54) - 9.
-17
What is -6 + (-1 - 1 - -4) - 5?
-9
(1 - 2) + -8 + 403 + -379
15
Evaluate 14 - 1 - (-88 - -32 - -57).
12
What is the value of (-21 - -22) + (6 - 1 - 10) + -21?
-25
Evaluate -8 - (1 - 0) - ((16 - 0) + -6).
-19
What is the value of (-2 - -1 - -4 - 8) + (-7 - -30)?
18
What is (-8 + 10 - 15) + 19?
6
Calculate -4 + 8 + -17 - (-16 - (5 + -14)).
-6
(-9 - (9 + -13) - -38) + -12
21
(4 - (-3 - 4 - (-4 - -3))) + -5
5
Calculate (-3 - 8 - -21) + -8.
2
Evaluate 3 - (-2 - (-16 - -8 - -4) - 8).
9
Evaluate -5 - (1 - (-11 + -8 + 4) - 8).
-13
What is the value of -89 + 114 + (-44 - -2)?
-17
(-10 - (10 + -4 + -16)) + -6
-6
Calculate (3 - (-1 + 0)) + (193 - 206).
-9
Evaluate 1 + 33 + -44 + (36 - -5).
31
(2 - (4 + -4 + 3)) + -1
-2
Evaluate 41 + 9 + -2 + -15 - 12.
21
Calculate (-1 + 1 - (37 - 25)) + (6 - 10).
-16
What is the value of (-1 - 5) + (22 - 12 - 7) - 8?
-11
Evaluate 10 + -15 + (-8 - -12) + -1 + 18.
16
Evaluate (5 - (-8 + 1 + 25)) + 2.
-11
What is the value of 0 - -2 - -7 - (-2 - 129 - -130)?
10
What is 2 + 13 + 1 + -11 + 12?
17
Calculate -3 + 8 + -1 - -2 - (8 - 10).
8
39 + (-40 - (-25 + -4))
28
What is the value of 4 + 2 + -5 - 1 - (-7 + 12)?
-5
Calculate 4 + (-3 - 1 - 1 - -6) + -6.
-1
What is -30 - (-4 - (-1 - 3) - (43 + -48))?
-35
What is (-4 - (-2 - 2 - 14)) + -9?
5
Calculate 15 - (-2 + 1) - (621 + -603).
-2
Evaluate 1 + 5 + 2 + (360 - 357) + -32.
-21
What is the value of -1 - (2 + (6 - (3 - 10)) + -7)?
-9
Calculate -1 + 2 + (7 - -15) + -23.
0
What is the value of 6 + -12 + 14 + -10?
-2
(1 - 2) + (20 - 6 - 13)
0
Calculate -8 + (19 - -32) - ((-12 - -5) + 10).
40
Calculate 2 - 36 - (-8 + -54).
28
What is 9 - (2 + 0 + -16 + 7)?
16
What is the value of -7 + -1 + 14 + 82 + -90?
-2
What is (-6 - 0 - -13) + (-6 - (2 + 4))?
-5
What is the value of -10 - (-2 - 11) - 16?
-13
Calculate 16 + (-5 - 4 - 16).
-9
(1 - -3) + 1164 + -1148
20
31 + -11 + 3 + (-4 - -3) + -4
18
What is the value of ((-9 + 10 - 13) + 20 - 30) + -4?
-26
Evaluate -2 + -14 + 7 + -1 - -9 - -22.
21
31 + (-10 - (34 - 7))
-6
19 + -51 + 28 + 22
18
Evaluate (13 - 4 - (-2 + -1)) + -15.
-3
Calculate -23 - ((-52 - -1) + 33).
-5
What is the value of -4 + 14 + -23 + (22 - 13)?
-4
Evaluate 9 + 4 + -3 + (-12 - (4 + 6)).
-12
Evaluate 8 + (-15 - -3) + -4.
-8
Calculate (-1 - (-1 - -7) - -3) + 14 + -34.
-24
6 - (27 - (-3 + 22))
-2
Evaluate (14 - 3 - 40) + (2 - -11).
-16
Calculate 36 + -10 + -6 - (-8 - -16 - 1).
13
Evaluate -4 - (10 + -15 + -4).
5
What is the value of 11 + (2 + -2 - 6) + 3?
8
Calculate 4 + 6 + -7 + 0 - (0 + 0).
3
Evaluate -4 + -4 + 4 - (-1 + 0 - -2).
-5
Evaluate -11 - (3 - (-4 + -5 + 61)).
38
Evaluate -5 - (-1 + 2) - (-3 + (12 - 9)).
-6
What is 0 + 4 - (140 + -123)?
-13
Evaluate -20 + (4 + 5 - -6).
-5
Calculate (7 + (-5 - 4) - 16) + 2 + -2.
-18
What is the value of 34 - (-12 + (7 + 17 - (1 - -4)))?
27
What is 19 + -5 + 9 + -20?
3
What is -1 + 1 - ((-8 - (-2 + 3)) + 18)?
-9
What is -4 + 0 - 1 - (-12 + 8 + -13)?
12
Evaluate (9 + -3 - -9) + (-5 - 1) - 12.
-3
What is the value of 8 + 13 + -16 + -8?
-3
What is the value of 3 - 1 - -24 - (35 - (-35 + 73))?
29
Calculate -8 - ((10 - -10) + -13) - 11.
-26
Calculate -3 + -1 + 8 + -15 - (7 + -33).
15
What is -12 - (8 + -18 + 11 - 19)?
6
Evaluate 8 - 28 - (1 + -12) - 1.
-10
What is the value of 7 + (22 - 31) + -2 + 8?
4
Calculate -17 + 15 + -3 - 3.
-8
What is the value of (-4 - -36) + -10 - (27 - 12)?
7
Evaluate (0 + -2 - -8) + (3 - (5 + 4)).
0
What is 17 - (-20 + 9 - -11 - -9)?
8
Calculate -23 + 4 + 8 + -1.
-12
Calculate 32 - 26 - (5 - (24 + -13)).
12
-9 + (5 + 3 - 1) - -6
4
Evaluate 22 - 29 - (-5 - -3).
-5
20 + -6 + -27 - (-3 - -12)
-22
What is the value of 29 + (3 + (6 - 8) - 4 - 5)?
21
What is -19 + 22 - 6 - -20?
17
Evaluate -152 - -116 - (-3 - (9 + (-7 - -3))).
-28
What is the value of 77 + (0 - 42) - (2 - -14)?
19
Calculate -12 + (11 - 18) + -16 - (-2 + 3).
-36
(-5 - 1) + 10 - 0 - 18
-14
Calculate -7 + (-1 - ((-1 - 1) + (3 - -5))).
-14
What is -61 + 83 - (33 + 2)?
-13
Evaluate (12 - 2 - -9) + -11.
8
Evaluate (18 + -7 - -2) + -5 - 9.
-1
What is the value of (-23 - -18) + (15 - 2)?
8
What is the value of 0 + -13 + 5 + (3 - (-1 - 3))?
-1
What is the value of -6 + 30 - (-37 - -47)?
14
-10 - -14 - (-2 - (0 + -2))
4
Evaluate (-9 + 6 - 2) + (-3 - -4 - -12).
8
What is the value of 3 - (13 - 20) - 13?
-3
(21 - 6) + 3 + -13
5
-10 - ((35 - 28) + -23)
6
What is the value of -6 + (5 - 3) + (-17 - -22 - 1)?
0
What is the value of -14 - (-25 - (-1 - 12))?
-2
Calculate -15 + (13 - -9) + -3 + 1.
5
Calculate (23 + -12 - 11) + -4 + -1 + -2.
-7
What is 3 + (-11 - (4 + -7 + 12 - 14))?
-3
What is 12 + -1 + (-5 - -2 - 3) - 3?
2
What is 0 - (-12 + (15 - (14 - 2))) - 46?
-37
What is 51 + 31 + -87 - (-6 - (0 - -1))?
2
What is 7 - (12 - (-7 - (-11 + 9)))?
-10
Evaluate (-24 - -12 - 4) + 5 + -7 + 4.
-14
(-15 - (6 - 17)) + -8
-12
Evaluate (-5 - (9 + (-7 - -2) + -8)) + 0.
-1
Calculate (-1 + -2 - (-4 + -5)) + 2.
8
Evaluate -9 + 0 - (67 - 31 - 49).
4
What is (-8 - (-19 + 19)) + -2 + -5?
-15
What is (-8 - 0) + (22 - -13) + -20?
7
Calculate (38 - (-11 + 24)) + -57.
-32
What is the value of 15 + (-10 - (14 + -13)) + 0 + -10?
-6
What is the value of 7 - 3 - (3 + (-17 - -19))?
-1
What is -343 + 344 + (-18 - -1)?
-16
Calculate -7 + -19 - -15 - -16.
5
What is the value of 3 + 6 + -14 + -1 + -1 + 14?
7
-5 - (-2 + 4 - -22 - 13)
-16
What is (1 - 12) + 7 + 8 - (-1 - 3)?
8
What is the value of -14 + (2 - (5 - (9 - (11 + -6))))?
-13
(-4 - (-12 + 15)) + -6
-13
(2 - (-11 - -11)) + -6 + 2
-2
What is 0 + -1 + -2 - (17 - (8 + 5))?
-7
What is 1 + -20 - (-3 + (45 - 56))?
-5
Evaluate 4 - (-13 - (-9 - (-15 + 8))).
15
Calculate -15 - ((28 - 31) + -25).
13
What is (-12 + 33 + -5 - 8) + -11?
-3
Evaluate (38 - 4) + -2 - (1 + -9 - -1).
39
Evaluate (17 - (-10 - (6 - 15))) + -7.
11
Calculate -12 - (-43 - -23 - 7).
15
What is (-5 - 0 - (3 - (2 - 1))) + 28?
21
0 + -15 + (-59 - (-32 + -28))
-14
Evaluate 0 - (11 - -2) - (120 - 127).
-6
81 + -65 - (18 + -5)
3
What is -44 - (-147 - -39 - -38)?
26
What is the value of -3 + (-4 - (2 + -11 + (-44 - -45)))?
1
What is the value of 10 - ((-13 - -29) + -4)?
-2
What is the value of 12 + 19 + 10 + 0 + -1 + -3?
37
Calculate (-7 + 16 - 30) + 31.
10
Evaluate 2 - 9 - -22 - (1 + 5).
9
What is the value of (-11 - (-2 + -12)) + (1 - -5) + -3?
6
Evaluate 8 - ((-5 - (13 - 13)) + -5 + -3).
21
Evaluate (-2 - -5) + 5 + 1 + -13.
-4
Evaluate -1 + 15 + -2 - (13 - (6 + 4)).
9
Evaluate 16 - -2 - (172 - 149).
-5
What is 3 + (-1 - -7) + (66 - 67)?
8
(-8 - -8) + (-6 - -13 - -6)
13
6 - (-4 - -36 - -10)
-36
Calculate (-20 - -1 - -2) + 26.
9
(8 + -7 - -28) + 7 + -22 + 8
22
22 - (45 + 8) - -18
-13
Evaluate (2 - 8) + 1 - (-4 - 1).
0
Evaluate 20 - ((-2 - -1) + -3) - 2.
22
Evaluate 12 + -7 + -10 + -12 + 10.
-7
(24 + -34 - -19) + -17
-8
Evaluate (-36 - -15) + 22 + 5.
6
(-21 - 5 - 5) + (3 - (-5 + -1))
-22
-1 + (20 - -13 - 33)
-1
What is the value of -71 + 48 + 7 - (-7 - 0)?
-9
What is the value of 2 - (1 + 6) - (-22 - (9 + -12))?
14
Evaluate -12 - (-1 + -6 + 0).
-5
-1028 + 1015 + (2 + 24 - 1)
12
What is the value of -8 + 27 + 39 + -26?
32
What is 6 - (12 + (3 - 12 - -6))?
-3
What is the value of -7 + (10 - (5 + 5 + -3 + -6))?
2
Calculate 17 + (1 + 7 - (-23 + 36)).
12
What is 23 - 51 - -42 - 16?
-2
What is (-2 - -3) + -1 + -9?
-9
Calculate (22 - 28) + (-7 - 3 - (-3 - -1)).
-14
What is the value of 8 - (11 + 2 + -12)?
7
(20 - 7) + -40 + 59
32
-1 + -4 + 0 - (-14 - 1)
10
Calculate -17 - (13 + 7 + -25).
-12
What is 28 + -12 + -25 - -1?
-8
What is the value of (-30 - (-35 - -30 - -11)) + 6 + 0?
-30
Evaluate 6 - 13 - (1 + 1 + (2 - -10)).
-21
Calculate (1 - 6) + (14 + -13 - 19